{"id":966,"date":"2017-06-05T19:13:03","date_gmt":"2017-06-06T00:13:03","guid":{"rendered":"http:\/\/cyhingenieria.com\/site\/?page_id=966"},"modified":"2017-06-05T20:02:24","modified_gmt":"2017-06-06T01:02:24","slug":"organizacion-2","status":"publish","type":"page","link":"https:\/\/cyhingenieria.com\/site\/organizacion-2\/","title":{"rendered":"Quienes Somos"},"content":{"rendered":"[vc_row 0=\u00bb\u00bb][vc_column 0=\u00bb\u00bb]<h3 class=\"title\"><span>QUI\u00c9NES SOMOS<\/span><\/h3>[vc_column_text]Somos una empresa especializada en la consultor\u00eda, interventor\u00eda y construcci\u00f3n de obras de ingenier\u00eda civil , en los campos de la infraestructura vial, estructural, edi\ufb01caciones, ambiental y de arquitectura.[\/vc_column_text]<h3 class=\"title\"><span>MISI\u00d3N<\/span><\/h3>[vc_column_text]Ofrecer talento humano altamente cali\ufb01cado a las empresas del sector construcci\u00f3n tanto de car\u00e1cter privado como gubernamental, siendo una excelente opci\u00f3n de asesor\u00eda, dise\u00f1o, construcci\u00f3n y mantenimiento de proyectos y obras civiles, orientando en el marco legal y brindando el acompa\u00f1amiento a las entidades contratantes para su mejoramiento continuo, garantizando la preservaci\u00f3n del ambiente y el desarrollo socio econ\u00f3mico de nuestra empresa.[\/vc_column_text]<h3 class=\"title\"><span>VISI\u00d3N<\/span><\/h3>[vc_column_text]Nuestra visi\u00f3n es ser una empresa conocida en el mercado nacional e internacional como part\u00edcipes del crecimiento a nivel pa\u00eds con responsabilidad social, amplio historial de contrataci\u00f3n y una participaci\u00f3n de 5% en mercado nacional.[\/vc_column_text][\/vc_column][\/vc_row]\n","protected":false},"excerpt":{"rendered":"<p>[vc_row 0=\u00bb\u00bb][vc_column 0=\u00bb\u00bb]QUI\u00c9NES SOMOS[vc_column_text]Somos una empresa especializada en la consultor\u00eda, interventor\u00eda y construcci\u00f3n de obras de ingenier\u00eda civil , en los campos de la infraestructura vial, estructural, edi\ufb01caciones, ambiental y<\/p>\n","protected":false},"author":1,"featured_media":48,"parent":0,"menu_order":0,"comment_status":"closed","ping_status":"closed","template":"page-fullwidth.php","meta":[],"_links":{"self":[{"href":"https:\/\/cyhingenieria.com\/site\/wp-json\/wp\/v2\/pages\/966"}],"collection":[{"href":"https:\/\/cyhingenieria.com\/site\/wp-json\/wp\/v2\/pages"}],"about":[{"href":"https:\/\/cyhingenieria.com\/site\/wp-json\/wp\/v2\/types\/page"}],"author":[{"embeddable":true,"href":"https:\/\/cyhingenieria.com\/site\/wp-json\/wp\/v2\/users\/1"}],"replies":[{"embeddable":true,"href":"https:\/\/cyhingenieria.com\/site\/wp-json\/wp\/v2\/comments?post=966"}],"version-history":[{"count":0,"href":"https:\/\/cyhingenieria.com\/site\/wp-json\/wp\/v2\/pages\/966\/revisions"}],"wp:featuredmedia":[{"embeddable":true,"href":"https:\/\/cyhingenieria.com\/site\/wp-json\/wp\/v2\/media\/48"}],"wp:attachment":[{"href":"https:\/\/cyhingenieria.com\/site\/wp-json\/wp\/v2\/media?parent=966"}],"curies":[{"name":"wp","href":"https:\/\/api.w.org\/{rel}","templated":true}]}}